2*g + 8. Calculate a(u).
-6
Let l(p) = 27*p - 295. Let s be l(11). Let w(o) = -o**2 - 6*o + 3. Give w(s).
-13
Let j(y) = -6*y**2 - 19923*y + 19923*y + y**3. Suppose 0 = -4*s - 2*p + 28, 0*s + 5*s - 28 = p. Determine j(s).
0
Let n = -12 - -8. Let c = -94 + 59. Let z be 185/c - n/14. Let b(h) = 2*h - 3. Determine b(z).
-13
Let n(z) = 8*z**2 + 15*z - 9*z + 0 - 2 + 2*z**2. Let u(f) = 7*f**2 + 4*f - 1. Let r(w) = 5*n(w) - 7*u(w). What is r(-6)?
21
Suppose 0 = -4*w, 0 = -2*n + 3*n - 2*w - 4. Suppose 5*v = -5*o + 10, -v - 3*v + n*o + 40 = 0. Let d(g) = 3 + 6*g - 3 - g**2. Calculate d(v).
0
Let l = 60 - 83. Let q be (-4)/(-10) - l/5. Let b(u) = -3*u - 4. Give b(q).
-19
Let j(b) = 11*b + 36. Let r(z) = z + 3. Let o(u) = -j(u) + 6*r(u). What is o(-6)?
12
Let b(t) = -t**3 + 5*t**2 - 3*t - 3. Let v(z) = 2*z**2 - 6*z - 2. Let a be v(5). Let x = -14 + a. Determine b(x).
1
Suppose 163 = 18*w + 217. Let d(o) = -2*o**3 - 8*o**2 - 3*o - 4. Calculate d(w).
-13
Suppose 0 = 4*d - 5*k - 69, 5*d - 29 = -2*k + 16. Let l(w) = 3*w - 3. Let p(r) = 16*r - 16. Let h(q) = d*l(q) - 2*p(q). Let s = -1 + -1. Give h(s).
-3
Let b be 3*((-6)/(-45) + (-4)/5). Let q(c) = -c**2 + 1. Determine q(b).
-3
Suppose 0*p - 8 = -4*p. Suppose -2*t = -0*t. Let y(u) = -5*u + t + p + 4*u - 1. Determine y(1).
0
Suppose 0 = -2*g + 5 + 11. Suppose 4*c - g = -0*c. Let x(y) = 123 + y - 124 - 3*y + 3*y. Calculate x(c).
1
Let d = 387 - 389. Let z(x) = -2*x + 1. Determine z(d).
5
Suppose -4*w = -0*w + 5*n - 23, -2*n + 6 = 0. Suppose 2*p + w*p - 16 = 0. Let i(d) = -2 - 1 - 3*d + 5*d**2 - p*d**2. Give i(-2).
7
Let y(c) = -c**2. Let w(l) = -2*l**2 - 1. Suppose -23*i + 24*i + 3 = 0. Let z(p) = i*y(p) + 2*w(p). What is z(-3)?
-11
Let u(o) = o**2 + 1. Let b(m) = -7*m**2 - 4. Let c(x) = b(x) + 6*u(x). Suppose 0*y - 3*y = 0. Let k be (1 - (-6)/(-4))*y. What is c(k)?
2
Let p(y) = 1. Let r(j) = -6*j + 8. Let w(q) = -3*p(q) + r(q). What is w(4)?
-19
Let c(l) = -2*l - 4. Let f(w) = -w - 1. Let g(a) = -c(a) + f(a). Give g(7).
10
Suppose -5*f = 25, -3*y - 19*f - 20 = -18*f. Let u(x) = 8*x - 6. Give u(y).
-46
Let a = -611 + 616. Let k(l) = l**3 - 5*l**2 + 5*l - 16. Give k(a).
9
Suppose -2*a - 3*l = -1642, 3*a + 1372 = 4*l + 3801. Let r(z) = -a*z**2 + 0*z - 1 + 819*z**2 - z**3 - 2*z. Calculate r(3).
2
Suppose 2*f - 6*f = -32. Suppose -12*b = -f*b. Let i(y) = 6 - 2*y - y**2 + b*y**2 - 2*y. What is i(-5)?
1
Let i be 0 + 0 - (1 - 3). Let d(f) = 1 + 5*f + 3*f**2 - 12*f + f**i + f**3. What is d(-5)?
11
Let n(g) = 16*g**3 + 35*g**2 + 14*g - 32. Let j(b) = 3*b**3 + 7*b**2 + 3*b - 6. Let h(s) = 11*j(s) - 2*n(s). Give h(-5).
23
Let p(a) = -12*a - 40. Let m be p(-3). Let h(k) = -k**3 - 6*k**2 - 6*k - 5. Calculate h(m).
-13
Let y(j) = 4*j**2 + j - 3. Let v be y(-3). Let r be v/(-12)*(-8)/10. Let t(p) be the second derivative of -p**4/12 + p**3/6 + p**2/2 - 2*p + 10. What is t(r)?
-1
Let x(c) = -c**3 + 5*c**2 + 15*c + 5. Let r(f) = -f**2 + 2*f. Let w(o) = 3*r(o) - x(o). Calculate w(9).
-5
Let g(k) = k - 17. Suppose h = -3*u + 61, u = -2*u + h + 53. Determine g(u).
2
Suppose 3*r = -2*r. Suppose r*k = 3*k - 5*v - 8, -k + 2*v + 4 = 0. Let i(g) be the first derivative of -g**4/4 - 4*g**3/3 - g**2/2 + 5*g + 32. Calculate i(k).
9
Let s(c) = c**3 - 15*c**2 + 13*c + 10. Let d be s(14). Let w(p) = -p**3 - 3*p**2 - 2*p - 3. Give w(d).
21
Suppose 4*h - 33 = -3*a, -2*h + 23 = h + 4*a. Let v(w) = -19*w + h*w + 24*w + 1. What is v(-1)?
-13
Let i(k) = -k**2 + 3*k. Let s = -963 - -967. Determine i(s).
-4
Let h(z) be the third derivative of -z**4/24 + z**3/2 + z**2 + 35. Determine h(3).
0
Let a(t) be the third derivative of -2*t**5/15 - t**4/12 - t**3/6 + 6*t**2 - 8*t. Give a(-1).
-7
Let w(h) = -h + 12*h - 7 - 3*h**2 + 2*h**2 + 2*h**2. Determine w(-11).
-7
Let z(c) = -c**2 + 14*c + 3. Let a be z(14). Let h be ((9 - a)*1)/(-1). Let i(w) = 3*w - 7 + 1 + w**2 + 0*w**2 + 0*w**2. What is i(h)?
12
Let k(m) = 9 - 1 - m - 5. Let g(s) = s**2 + 5*s + 4. Let f be g(-4). What is k(f)?
3
Let g = 3 - 3. Suppose -5*l - 15 = -5*t, g*t + 19 = -2*t - 3*l. Let x(p) be the third derivative of p**5/60 - p**4/24 - p**3/6 - 76*p**2. What is x(t)?
5
Let v be (-270)/17 - ((-70)/(-17) - 4). Let m(b) = b**2 + 16*b - 2. Determine m(v).
-2
Let z be ((-16)/24)/(2/72). Let l be 18/4*z/36. Let t(u) = -u - 4. Let o(r) = 3*r + 11. Let f(k) = l*o(k) - 8*t(k). What is f(0)?
-1
Let t(m) = 3*m - 6 + 9*m**3 - 3*m**2 + 3 - m + 0*m**3 + 2*m**2. What is t(1)?
7
Let o(h) = -2*h**3 - 23*h**2 - 25*h + 2. Let v(t) = t**3 + 11*t**2 + 13*t. Let r(s) = -3*o(s) - 5*v(s). Determine r(-13).
33
Let r(o) = -o + 1. Let i = -489 - -498. What is r(i)?
-8
Let d(k) = -k**2 + 3*k - 2. Let t = 433 - 437. Determine d(t).
-30
Let m(f) = -1 - 3*f + 4*f - 4*f - 35 + 2*f. Give m(0).
-36
Let g be 6 - 12 - (7 + -13). Let d(b) = b**3 + 3*b**2 + 5. Determine d(g).
5
Let a(j) be the third derivative of -1/10*j**5 + 0 + 0*j**4 - 10*j**2 + 0*j + 1/6*j**3 - 1/120*j**6. Calculate a(-6).
1
Let l = -33 + 29. Let h(x) = x**3 + 5*x**2 + 2*x + 2. Determine h(l).
10
Let n(p) = 2 + 0 - p - 5. Suppose 7 + 89 = 3*i. Let m = 32 - i. Determine n(m).
-3
Let m(j) be the third derivative of -j**6/60 - j**5/10 - j**4/4 - j**3 + 13*j**2. Determine m(-3).
12
Let s(o) = -5979*o**2 - 3 + 5984*o**2 + 2. Determine s(1).
4
Let k(v) = v**2 + 3*v + 1. Let z be ((-3)/(-3))/(3/9). Suppose 4 = -2*f - r - 2, 5*f - z = 2*r. What is k(f)?
-1
Let g(z) = 2*z**3 - z**2 - z + 1. Let h(p) = -5*p**3 + 8*p**2 + 8*p + 2. Let f(n) = -3*g(n) - h(n). Give f(-5).
20
Let f(v) = -v**3 + 2*v**2 + 1. Let o(u) = 7*u**3 - 13*u**2 + u - 1. Let c(h) = -6*f(h) - o(h). Determine c(0).
-5
Let t(z) = 23*z**2 + 2*z + 1. Suppose 0 = 2862*u - 2847*u + 15. What is t(u)?
22
Let w be 2 - -10*2/5. Let t(o) = -o**3 + 7*o**2 - 6*o - 5. Determine t(w).
-5
Let l(m) be the first derivative of -m**2 - 26*m + 122. What is l(-15)?
4
Let k(m) = m**3 - 8*m**2 + 2*m - 5. Let z = 861 - 853. What is k(z)?
11
Let r(z) = 7*z - 1. Suppose -18*l = -13*l + 5. What is r(l)?
-8
Let h(j) = -2*j - 35. Let z be (-45594)/2295 - 4/30. Determine h(z).
5
Let n(j) = j**2 + 7*j. Suppose 2*g + i = -10, 3*g + 3*i = i - 17. Determine n(g).
-12
Let v(u) = u**2 - u + 2. Let c(l) = -4*l**2 + 9*l - 10. Let m(k) = c(k) + 6*v(k). Calculate m(-2).
4
Let k = -126 - -123. Let f(h) be the first derivative of -h**4/4 - 4*h**3/3 - h**2/2 + 21. Determine f(k).
-6
Suppose 0 = -73*c + 79*c - 66. Let i(r) = -r**3 + 12*r**2 - 10*r. Determine i(c).
11
Let n = 56 + -53. Let y(j) = j**3 - 3*j**2 - j + 7. Let s(b) = -b**3 + 3*b**2 - 8. Let m(d) = -3*s(d) - 4*y(d). Give m(n).
8
Let c(t) be the third derivative of -t**4/24 - 11*t**3/6 + 431*t**2. Determine c(-9).
-2
Let c be (-12)/(-66) + 493/11. Let g(f) = 44*f - 4 - c*f + 9. Give g(5).
0
Let l(u) = -u**2 + 12*u - 2. Let p(v) = 2*v**2 - 14*v + 1. Let z(q) = -3*l(q) - 2*p(q). What is z(-6)?
16
Let m(f) = 10*f**2 + f - 1. Let u be m(1). Let l(w) = 2*w + u + 2*w + 5 - 5*w. What is l(7)?
8
Suppose 3*h - 4*i - 2 = -5*i, -4*h + i + 5 = 0. Let r(m) = 1 - 8*m - m**2 + 3*m + 4*m. What is r(h)?
-1
Let f be 3 - (3/(-2) - 0)*2. Let a(c) = c**2 - 1 - c**3 + f*c + 0*c - 3*c. Calculate a(2).
1
Let j = 31 + -21. Suppose -15*l = -j*l + 30. Let p(y) = -2*y - 6. Calculate p(l).
6
Suppose h + 4*p - 25 + 11 = 0, 0 = 4*p - 20. Let c(y) = 2*y**2 + 7*y - 6. Determine c(h).
24
Let n(v) = v**3 - 6*v**2 + 5*v - 2. Let x be n(5). Let h = x - -3. Let c = h - 1. Let d(s) = -s**2 + 2. What is d(c)?
2
Let b(d) = 5 - 3*d + d + d**3 + d. Let z(t) = t**3 - 14*t**2. Let o be z(14). What is b(o)?
5
Let q(b) = 5*b**3 - 4*b**2 - 16*b + 36. Let h(n) = n**3 - n. Let l(z) = 4*h(z) - q(z). Calculate l(5).
-1
Suppose 35*z - 221 = -606. Let d(v) = v + 7. What is d(z)?
-4
Let l(o) = o**2 + o + 5. Let j = 75 + -72. Let t(y) = -y - 4. Let p(a) = j*t(a) + 2*l(a). Let u be 3/(-6) - (-6)/(-4). What is p(u)?
8
Let p(t) be the third derivative of -t**5/60 + t**4/4 - t**3 + t**2. Give p(5).
-1
Let i(p) = 2*p + 30. Let r(a) = 16*a**3 + 2*a**2 - 2*a - 3. Let k be r(-1). Calculate i(k).
0
Let n(i) be the second derivative of 5*i**3/3 - i**2/2 - i - 48. Suppose -h - 1 = -2*h. Determine n(h).
9
Let d = -1 + 1. Let r(p) be the second derivative of p**5/20 + 4*p**2 + 5*p + 28. Determine r(d).
8
Let g(m) be the first derivative of -7*m**2